3*v**2 - 1365*v. Determine l(-4).
19
Suppose 3*l = -t - t - 1, 5*t = -3*l + 2. Let z(j) be the third derivative of -j**6/40 - j**5/60 - j**4/12 - j**3/6 + 2*j**2 - 271*j. Calculate z(l).
3
Let o(a) be the first derivative of a**2/2 + 8*a - 414. What is o(-7)?
1
Let t be ((-10)/4)/((-11)/(-30) + (-38)/(-285)). Let k(u) be the first derivative of 2*u**2 + u + 2. Give k(t).
-19
Let r(b) = -b + 1. Let d(t) = -2*t + 7. Let g(n) = -d(n) + r(n). Let w = -2 - -11. Suppose -5*l + w = -2*l. Give g(l).
-3
Let k(f) be the first derivative of -f**4/6 - 5*f**3/6 - f**2/2 + 172*f + 165. Let s(m) be the first derivative of k(m). Let w = 6 - 10. Calculate s(w).
-13
Let o(u) = -7*u - 3. Let s(c) = 20*c + 10. Let b(g) = 11*o(g) + 4*s(g). Let k be 180/150*(9 + -4). Determine b(k).
25
Let n(i) = -14*i**2 + 183*i - 12. Let h be 5 - 84/12 - -15. Determine n(h).
1
Suppose 0 = v + 5, 0*g = -5*g + v + 75. Let x be (-148)/g - (-92)/161. Let d(c) = -c - 9. What is d(x)?
1
Let q = 174 - 145. Suppose 0 = 10*z - q + 159. Let w(n) = -2*n - 25. What is w(z)?
1
Let p(z) = -z**3 + 4*z**2 + 3*z - 2. Suppose 0 = 9*v - 145 - 485. Let o be v/210*(-1 + 25)/2. Give p(o).
10
Let u(a) be the third derivative of -a**5/60 - a**4/12 - a**2. Let k = -994 + 298. Let r = 695 + k. Determine u(r).
1
Let m be 10*136/64 + (-10)/8. Suppose -m = -26*n + 162. Let v(z) = -z**3 + 6*z**2 + 8*z + 1. Calculate v(n).
8
Let j = -121 + 191. Let p = j + -87. Let f(o) = -o**3 - 19*o**2 - 34*o + 7. Let x be f(p). Let v(s) = -s**2 + 7*s - 7. Give v(x).
-7
Let g(b) = -b**2 - 6*b - 8. Let a = -806 + 549. Let u = a + 252. Calculate g(u).
-3
Let d(i) = 108*i**3 + i**2. Let n = 4637 - 4638. Calculate d(n).
-107
Suppose -k = 3*k. Let d(g) = 129*g**3 - 37*g**2 - 128*g**3 + 19 + 38*g**2. Determine d(k).
19
Let k(n) be the first derivative of n**5/60 - n**4/3 + n**3/3 + 13. Let v(c) be the third derivative of k(c). Let x be 10/2 - 8/(-20)*5. Determine v(x).
6
Let l(w) = 6*w - 59. Let t be 15/1 - (16 - (-3 - -13)). Calculate l(t).
-5
Let a(f) = -f**3 + 2 + 0*f**3 - 2*f + f. Let w = -13 + 11. Let h(t) = 2*t + 4. Let m be h(w). What is a(m)?
2
Suppose -21*n = -22*n - 1. Let r be 1/(-8) + (-375)/(-120). Let z(s) = -2*s + 1904*s**3 - 1905*s**r + s - s**2. Determine z(n).
1
Let t = 61 + -66. Let k(i) be the third derivative of -i**6/360 - i**5/40 + i**4/12 + i**3/2 + 4*i**2. Let p(w) be the first derivative of k(w). Give p(t).
-8
Let o(w) = w**3 - 5*w**2 + 4*w - 7. Let k = -395 - -442. Suppose 23 + k = 14*d. Calculate o(d).
13
Let f(w) be the second derivative of 1/2*w**2 + w**3 - 147*w + 0 + 1/12*w**4. Determine f(-4).
-7
Suppose 2*w - 2*g + 160 = 168, 0 = 7*w + g - 36. Let y(l) = 10*l**2 - 11*l + 18. Let o(u) = 3*u**2 - 4*u + 6. Let z(n) = -7*o(n) + 2*y(n). Calculate z(w).
-1
Let q(w) be the second derivative of -w**5/10 + 35*w**4/12 - 22*w**3/3 - 59*w**2/2 - w + 878. Calculate q(16).
5
Let a(c) = c + 7. Let s be (38/(-114))/((2/(-2))/(-31 + 4)). Calculate a(s).
-2
Let f(c) be the third derivative of c**6/120 - c**5/60 - 11*c**3/6 + 596*c**2. Give f(0).
-11
Let s be 12/((-15)/(-800)*5). Let y = 127 - s. Let u(z) = 12*z. Calculate u(y).
-12
Let b(m) = -2*m**3 + 14*m**2 - 13*m - 24. Let y(r) = r**3 - 7*r**2 + 6*r + 11. Let j(u) = -3*b(u) - 7*y(u). What is j(4)?
31
Let y(m) be the first derivative of m**3/3 - 5*m**2 - 13*m - 4638. Give y(15).
62
Let n(h) = h**2 + h. Let g = -97 - -97. Suppose -17*q + 51 + g = 0. Calculate n(q).
12
Let j(b) be the first derivative of -b**4/4 - 5*b**3/3 + 4*b**2 + b - 11037. What is j(2)?
-11
Let n(h) be the third derivative of -h**4/2 + 5*h**3/6 + 20*h**2. Let c(a) = 209*a - 88. Let g(x) = -5*c(x) - 88*n(x). Give g(-1).
-11
Let y(w) = 10 + w + w**3 + 0*w**2 + 4 - 9*w**2 - 9*w. Let r be -4*(-1)/(-6)*-15. What is y(r)?
34
Let a(p) be the first derivative of -p**2/2 - 12*p + 70963. Let j = 1 + 8. Calculate a(j).
-21
Let o(z) = -5 + 29*z - 110 - 60*z + 44*z. Give o(8).
-11
Let z(q) = -26*q + 94. Let o(i) = -58*i + 188. Let t(g) = 3*o(g) - 7*z(g). Determine t(12).
2
Let s(j) = -7 + 16 - 53*j + j**3 - 6 + 59*j - 11*j**2. Calculate s(11).
69
Let j = 76 - 73. Suppose 6*a + 2*b = 9*a - 204, -183 = -j*a - 5*b. Suppose -2*f = -13*f + a. Let h(u) = u**3 - 7*u**2 + 5*u - 1. Calculate h(f).
-7
Let s(j) = -14*j**2 + 2*j - 1. Let k be 6/(-14) + (-110)/(-77). Let v be k/(2/(-20)*2) + 6. Calculate s(v).
-13
Let l = -390 - -383. Let x(t) = 35*t + 238. Calculate x(l).
-7
Let j be (8/(-2))/(-1 - 1). Suppose -j*v - 4*c = 0, -4*c = -3*v - c - 36. Let m(l) = 3 + l**2 + 2 - 2 + 8 + 10*l. Determine m(v).
-5
Let b(w) = 35*w**3 + 27*w - 27. Let i(q) = -47*q**3 - 37*q + 37. Let r(k) = -11*b(k) - 8*i(k). Determine r(-1).
11
Suppose 0 = -0*b - 3*b - 15. Let g(h) = -h**3 - 3*h**2 + 8*h - 6. Let k be g(b). Let l be -5*(115/(-25) + k). Let w(i) = -i**3 + 3*i**2 - i - 1. Calculate w(l).
-4
Let d = -384 + 387. Let c(v) = -8*v**2 + 44*v**3 + 44*v**3 + 0 + 6 - 87*v**d + 5*v. Give c(7).
-8
Suppose 273*s - 269*s = 5*w + 6, 5*w + 30 = 0. Let o(m) = 17*m + 19. Determine o(s).
-83
Let n(q) be the first derivative of q**4/4 - 5*q**3/3 - q**2 + 17*q + 573. Determine n(5).
7
Let b be (3 + -16)*3/(-2 - -5). Let o(c) = -c - 13. Calculate o(b).
0
Let k = 2938 + -2934. Let q(t) be the third derivative of -t**4/24 + t**3/6 - 2*t**2. Give q(k).
-3
Let h(m) = m**3 + 5*m**2 - 2*m - 6. Let g = -2358 - -2353. Determine h(g).
4
Let p be (-16 + 0)*26*25/2600. Let z(j) = -9*j - 37. What is z(p)?
-1
Let k(y) = y**3 + 7*y**2 + 7*y + 3. Let b be -8 - (-15 + 9 + -12). Let a(d) = 17*d**3 + 2*d**2 - 1. Let m be a(1). Suppose b*f + m = -32. What is k(f)?
18
Let y(h) be the third derivative of h**4/24 + 2*h**3 - h**2 - 8*h. Let l be y(-17). Let g(c) = c**3 + 5*c**2 + c - 1. What is g(l)?
-6
Let b(a) be the third derivative of -a**5/20 - 7*a**4/6 + 7*a**3/6 - a**2 - 11*a + 39. What is b(-10)?
-13
Suppose 0*s - 3 = -s. Let i(j) = j**2 + 2*j**2 + s*j**2 + 6 + 4*j - j**3. Suppose -46*d + 21 = -6*d - 37*d. Determine i(d).
-15
Let y(l) = l**2 - 2*l + 4. Suppose 230*t = 153*t + 77. What is y(t)?
3
Let q(n) = 3*n**3 + 36*n**2 - 24*n - 56. Let a(t) = 4*t**3 + 53*t**2 - 39*t - 84. Let g(r) = 5*a(r) - 7*q(r). Determine g(10).
2
Let f(x) = 2*x**3 + 4*x**2 + 4*x + 5. Suppose -11*y = -759 + 792. Determine f(y).
-25
Let p(z) = -z + 148. Let a be p(-13). Let k = a + -167. Let v(g) = g**3 + 5*g**2 - 4*g + 3. Determine v(k).
-9
Let d be (22 + 1278/(-54))*(-1 - (-4)/(-5)). Let w(l) be the first derivative of 5/3*l**3 - d*l + 1/4*l**4 - 2*l**2 + 21. Give w(-6).
-15
Let l(p) = 46*p**2 + 43 - 23*p - 58*p**2 + 15*p**2. Let b(m) = m**2 - 8*m + 15. Let t(n) = 17*b(n) - 6*l(n). Determine t(3).
-6
Let g be (-11 - 8)/(-1 + 0). Suppose 24 = -g*a - 52. Let x(c) = -c**3 - 4*c**2 + c + 8. What is x(a)?
4
Let q be (4/(-1))/((-22)/55). Let d(n) = -29*n**2 + 28*n**2 + q*n - 5 - 2 - 2. Determine d(6).
15
Suppose -69 = 3*f - 5*n, -198*f - 3*n + 51 = -201*f. Let g(i) = -18*i - 101. Give g(f).
43
Let i be ((-2)/4)/(1/16). Let g(u) = -4 - 2 + 0 - 253*u + 0 + 252*u. Give g(i).
2
Let z(t) = -t**3 + 4*t**2. Let f(a) = -3*a**3 + 11*a**2 + 3*a + 67. Let v(q) = f(q) - 2*z(q). Calculate v(0).
67
Let q(d) be the second derivative of -d**4/12 + 11*d**3/6 + 29*d**2/2 + 10*d - 310. Determine q(0).
29
Suppose 2*h = -0*h - 3*j + 3, 5*j = 4*h - 17. Suppose -h*n = -2*f + 2, 0 = -3*f + 2*f + 3*n - 2. Let v(r) = 32 - 3*r**2 + 5*r**2 + 0*r - 35 - r. What is v(f)?
25
Suppose -40 = -7*u - 3*u. Let q(d) = -4*d**2 + d**3 - 6 - 108*d - u*d**2 + 100*d + 2*d**2. What is q(7)?
-13
Let v be -1*((16 - 7) + (-52 - -42)). Let t(g) = -g**2 + g. Let w(r) = -12*r**2 + 2. Let h(y) = 4*t(y) - w(y). Calculate h(v).
10
Let d(b) = -107*b**2 + 5*b + 13. Let i(w) = 18*w**2 - 1. Let r(a) = -d(a) - 6*i(a). What is r(-4)?
-3
Let m(g) = 2*g + 4. Let n(d) = -2*d - 4. Let s(q) = -4*m(q) - 5*n(q). Suppose -19*j + 65 - 8 = 0. Calculate s(j).
10
Let q(r) = -7*r + 111. Suppose -m + 236 = -2*y + 220, 0 = -2*y. Give q(m).
-1
Let k(o) = -38*o - 3*o**3 + 15*o**2 + 28 - 12 + 11*o + 2*o**3. What is k(13)?
3
Let y = -199 + 201. Let h(o) = -29 + 3*o**y - 3*o + 24 - o**3 - 3*o**2 + 3*o**2. Calculate h(4).
-33
Let m = 370 - 367. Suppose 2*r - 2*v - 31 = -m, -36 = -2*r + 4*v. Let n(h) = h**2 - 11*h + 5. What is n(r)?
-5
Let r(z) = -z**2 - 10*z + 105. Le